4403?
259
Calculate the greatest common divisor of 51987703 and 49127.
3779
Calculate the highest common divisor of 1674083 and 377.
29
Calculate the greatest common divisor of 53583 and 1001541.
159
What is the highest common factor of 38640 and 25732?
28
Calculate the highest common factor of 147568498 and 55.
11
What is the greatest common divisor of 30 and 35805070?
10
Calculate the highest common factor of 81840 and 195920.
2480
Calculate the highest common divisor of 3004989 and 5577.
507
Calculate the greatest common divisor of 1512 and 1731723.
21
What is the highest common factor of 12402 and 242294?
26
Calculate the highest common factor of 70 and 677184074.
14
Calculate the greatest common divisor of 76298484 and 235.
47
What is the highest common divisor of 2004849 and 44891?
847
Calculate the greatest common divisor of 72 and 117912.
24
What is the greatest common divisor of 209570603 and 457?
457
Calculate the greatest common divisor of 12499160 and 214490.
890
Calculate the highest common divisor of 731 and 3527591.
43
Calculate the highest common divisor of 1667303 and 2893.
11
What is the highest common divisor of 272690 and 15059?
407
Calculate the greatest common divisor of 85110 and 82608.
6
Calculate the highest common factor of 283656 and 660804.
636
Calculate the greatest common divisor of 1257228 and 3150.
126
Calculate the highest common divisor of 99496332 and 6264.
1044
Calculate the highest common divisor of 2203169336 and 1096.
1096
Calculate the greatest common divisor of 726 and 5936744.
242
What is the highest common factor of 1343025 and 37647?
423
What is the greatest common divisor of 165 and 31014159?
33
What is the highest common factor of 35895665 and 65?
65
What is the highest common divisor of 1710 and 3446910?
90
Calculate the highest common divisor of 381 and 31708979.
127
What is the highest common divisor of 52738854 and 42?
42
Calculate the greatest common divisor of 756 and 766773.
189
What is the highest common factor of 4624 and 15992?
8
Calculate the highest common divisor of 1 and 20372071.
1
Calculate the highest common factor of 28684 and 2112314.
202
What is the greatest common factor of 2496 and 8176480?
416
What is the greatest common factor of 25146 and 69625083?
4191
What is the greatest common factor of 1272744030 and 10?
10
What is the highest common divisor of 28237426 and 392?
98
What is the greatest common factor of 66 and 431953742?
22
Calculate the highest common factor of 1686040 and 160.
40
What is the greatest common divisor of 7104 and 64440?
24
Calculate the greatest common factor of 1220 and 3664800.
20
What is the highest common divisor of 17535908 and 408?
68
Calculate the greatest common factor of 30415469 and 763.
763
Calculate the highest common divisor of 836 and 32026676.
44
What is the highest common divisor of 48812184 and 12?
12
What is the highest common divisor of 127902 and 2166?
6
What is the highest common divisor of 5846 and 1016549248?
5846
What is the greatest common divisor of 67704506 and 34?
34
Calculate the greatest common divisor of 2617576 and 56.
8
What is the highest common factor of 1394161 and 6909?
47
Calculate the highest common factor of 25200 and 82940400.
3600
What is the highest common divisor of 2064 and 12599?
43
Calculate the highest common factor of 1186375 and 55.
5
What is the highest common divisor of 7372 and 6418102?
194
What is the greatest common divisor of 15240 and 162790632?
3048
Calculate the greatest common divisor of 300626016 and 70826.
10118
What is the greatest common divisor of 4130 and 7635544?
826
Calculate the highest common divisor of 1535919 and 3341613.
3597
What is the highest common factor of 314259 and 3512652?
2937
Calculate the greatest common factor of 279 and 66845517.
93
Calculate the greatest common divisor of 905365 and 16985.
215
What is the highest common factor of 1789349980 and 11?
11
Calculate the highest common divisor of 174 and 40134086.
58
Calculate the highest common divisor of 108 and 164477826.
18
Calculate the greatest common factor of 2480799 and 2967.
129
What is the highest common factor of 4933754688 and 9588?
9588
Calculate the greatest common factor of 211449404 and 712.
356
Calculate the highest common factor of 1260 and 1272478410.
630
Calculate the highest common factor of 2030 and 425154065.
1015
What is the greatest common factor of 30793 and 11816?
7
What is the greatest common factor of 93900 and 12575?
25
Calculate the greatest common factor of 133 and 70385.
7
Calculate the highest common divisor of 36511557 and 4623.
69
What is the highest common factor of 163785 and 49935?
15
What is the greatest common factor of 76 and 3426327?
19
Calculate the highest common divisor of 188134983 and 9.
9
What is the greatest common factor of 4272 and 157319248?
1424
What is the greatest common divisor of 2475 and 5326101?
99
Calculate the highest common factor of 1010 and 3076258.
202
Calculate the highest common factor of 825 and 31587225.
75
Calculate the highest common divisor of 576 and 10777968.
144
Calculate the highest common divisor of 100605 and 4143615.
285
What is the greatest common divisor of 332508 and 144?
12
What is the greatest common divisor of 911493 and 1078?
11
Calculate the highest common factor of 5096 and 7683065.
13
What is the highest common factor of 26195 and 10250?
5
What is the greatest common factor of 49 and 208418903?
49
What is the greatest common divisor of 12037393 and 321?
107
What is the greatest common divisor of 6803891360 and 560?
560
What is the greatest common divisor of 50048 and 12036?
68
Calculate the greatest common factor of 3045 and 199294235.
1015
Calculate the highest common factor of 60321712 and 10846.
374
Calculate the greatest common divisor of 700557400 and 120.
40
Calculate the greatest common factor of 2750531 and 3065.
613
What is the highest common factor of 1465906 and 676?
338
What is the highest common factor of 88676720 and 880?
880
Calculate the highest common divisor of 39283 and 2547038.
163
Calculate the highest common factor of 56 and 20006777.
7
What is the greatest common factor of 2314 and 28392?
26
Calculate the greatest common factor of 55 and 74110740.
55
What is the greatest common factor of 44923918 and 130?
26
What is the greatest common divisor of 1692995418 and 9747?
9747
Calculate the highest common factor of 81867660 and 70.
70
What is the greatest common divisor of 79597 and 956123?
959
What is the highest common divisor of 7563924 and 3?
3
Calculate the greatest common factor of 11167 and 60271735.
859
What is the greatest common factor of 19716 and 294965?
31
What is the highest common factor of 12545 and 253409?
2509
Calculate the highest common factor of 136658823 and 55461.
2919
Calculate the greatest common divisor of 2901136 and 336.
112
What is the greatest common factor of 49655955 and 558?
93
Calculate the highest common factor of 2571241 and 592.
37
What is the greatest common divisor of 84 and 30533244?
84
Calculate the highest common divisor of 457832608 and 3616.
3616
What is the greatest common divisor of 300980 and 97465?
505
Calculate the highest common factor of 228289 and 1837.
167
Calculate the highest common divisor of 68269 and 238126.
233
What is the highest common divisor of 479898 and 2340?
18
What is the highest common factor of 25893057 and 1088?
17
What is the highest common divisor of 14528608 and 64?
32
What is the greatest common divisor of 377 and 59421?
29
What is the greatest common factor of 177812928 and 459?
459
What is the highest common divisor of 9655169 and 1325?
53
What is the greatest common factor of 15096410 and 2842?
98
What is the greatest common factor of 19406760 and 15?
15
What is the highest common divisor of 30026038 and 210?
14
What is the greatest common divisor of 1700032 and 3392?
64
Calculate the greatest common factor of 1911 and 5182142.
49
Calculate the greatest common divisor of 19244 and 32368.
68
What is the highest common factor of 10 and 24759712?
2
What is the greatest common factor of 143180719 and 583?
583
What is the highest common factor of 3124236 and 26052?
2004
Calculate the highest common factor of 66805 and 123044035.
2155
What is